 = -103 + 108. Suppose 6*f - o*q = 4*f + 534, -2*f + s = q. What is the hundreds digit of f?
2
Let v be (2 + 0)*9132/(-12). Let o = 2761 + v. Suppose 13*d - 1946 = o. What is the hundreds digit of d?
2
What is the tens digit of -3 + 350/30 + -8 + 70888/3?
3
Suppose 6*o + 8*o = 42. Suppose -o*s + 20*s = 3315. What is the hundreds digit of s?
1
Suppose 6*k + 226 = 64. Let t be (-4)/(3/k*-3). What is the tens digit of (3/(t/19))/(1/(-20))?
9
Suppose -2*x - 2*i + 26808 = 0, 5*x - 28*i - 67014 = -31*i. What is the ten thousands digit of x?
1
Let y = 25170 + -7988. What is the tens digit of y?
8
Let p be ((-184872)/(-26))/3 + (-14)/91. Let q = p - 1453. Suppose 10*n - q = 3*n. What is the tens digit of n?
3
Suppose 3*w + 1407 = 1410, -4*r + w + 127707 = 0. What is the tens digit of r?
2
Let s be (-3 - 1 - 1) + (-35970)/109. Let c = 91 - s. What is the tens digit of c?
2
Let o be 79/(-9) + 4/(-18). Let h = -7 - o. Suppose 4*x - 518 = h*q, 2*x - 4*x + 4*q = -274. What is the tens digit of x?
2
Let c = -1514 - -6329. What is the tens digit of c?
1
Let z = 430 - -1133. Let r = z + -1033. What is the tens digit of r?
3
Suppose 1986 = 4*m + 2*b, -3*m + 5*b = -0*b - 1496. Suppose -15*f + 8*f + m = 0. What is the units digit of f?
1
Let j(p) be the second derivative of -3*p**5/20 + 5*p**4/6 + p**3/2 - 11*p**2 - 2*p - 28. What is the tens digit of j(-5)?
8
Suppose -4*n = s + s - 35432, -4*n + 35428 = 4*s. What is the thousands digit of n?
8
Let p be 1146 - (-4 - (2 + -8)). Suppose -3*z + 271 = x, -3*z + 0*z - p = -4*x. What is the hundreds digit of x?
2
Let c(h) = h + 11. Let y be (1 + 0 + 4)/((-45)/(-45)). Let v be c(y). Suppose 3*m - v = 2*m. What is the units digit of m?
6
Let l(k) = -375*k + 1225. What is the hundreds digit of l(-8)?
2
What is the hundreds digit of (-608)/(-836) - (-906098)/22?
1
What is the units digit of (84700/10 - 0) + -11?
9
Let l = 4005 + -2929. What is the thousands digit of l?
1
Suppose -53*x - 22516 = -57*x + 42784. What is the units digit of x?
5
Let c(d) = -2*d**3 - 6*d**2 + 10*d + 12. Let q be c(-8). Suppose -z = 204 - q. Suppose 0*p + 4*p - z = 0. What is the units digit of p?
2
Let z = -609 + 767. Suppose 8 = -2*a + 180. Let p = z - a. What is the tens digit of p?
7
Suppose -52636 = -2*y + 21*u - 24*u, 79005 = 3*y - 4*u. What is the thousands digit of y?
6
Suppose 0 = 247*d - 248*d - 5*y + 7651, 5*y = -3*d + 22953. What is the thousands digit of d?
7
What is the hundreds digit of 5*33/110 + 3289/2?
6
Let x(z) = z**2 + 13*z - 22. Let f(r) = -r**2 - 12*r + 21. Let a(d) = -3*f(d) - 2*x(d). Let c = -1000 - -1006. What is the tens digit of a(c)?
7
Suppose 3*s - 30632 - 615 = 54859. What is the units digit of s?
2
Suppose -4*z + 52340 = -4*f, 0 = 624*z - 623*z + 4*f - 13080. What is the ten thousands digit of z?
1
Let r = -108 - -559. Suppose 0 = 3*v - 2*w - r, -2*v + 307 = -3*w + 8*w. Let h = v + -76. What is the tens digit of h?
7
Let f be (-3*5)/(6 - 7). Suppose 2*a - f = 1. Suppose 0 = j - a - 0. What is the units digit of j?
8
Let z(v) = -5*v + 30. Let p be z(5). Suppose p*f = 3*j - 19, -3*j + 5*j = f + 22. Suppose -5*g + 630 = j*g. What is the tens digit of g?
3
Let r = -290 - -171. Suppose -4*l - 52 - 68 = 0. What is the units digit of (8/(-10))/(-4 + r/l)?
4
Let b = -1435 - -2445. Suppose -3*a + b - 76 = -z, 949 = 3*a + 2*z. Suppose 5*k - 525 = 5*p, -8*p + 4*p - a = -3*k. What is the tens digit of k?
0
Let l = 60 + -47. Suppose 0 = 3*u - l + 1. What is the units digit of 28/u + (0 - 0 - 2)?
5
Suppose 12 = -c - 26. Let u = 56 + c. Suppose -5*x - 25 = -j, 3*j = -4*x + u - 0. What is the units digit of j?
0
Let r = 15375 - 14357. What is the units digit of r?
8
Let a(t) = -t**3 + 2*t**2 + 7*t + 18. Suppose 29 = -2*w + 15. What is the units digit of a(w)?
0
Let t(l) be the first derivative of -l**3/3 - 21*l**2/2 - 5*l + 71. Suppose -4 = 3*k + 14. What is the units digit of t(k)?
5
Let v = -264 + 703. Let j be (54/(-7))/((-528)/1120 + (-2)/(-4)). Let f = j + v. What is the hundreds digit of f?
1
Let c(z) = 4*z**2 - 3*z - 4. Let l be c(-1). Suppose -3*x = -2*m + 361, 925 = 5*m - l*x - 0*x. What is the units digit of m?
8
Let y(h) = -10*h + 3. Let s(n) = -41*n + 12. Let l(k) = 2*s(k) - 9*y(k). Let q be l(6). Suppose -6*j + q = -3. What is the units digit of j?
8
What is the thousands digit of (14 - (669165/75 - -13))*10/(-4)?
2
What is the units digit of (-54 - -50)*1389/(-12)?
3
Suppose 3*m = 2*b + 25862 + 19725, -3*m + 45588 = -3*b. What is the tens digit of m?
9
Suppose 2*l = -l, 6 = 3*j + 2*l. Suppose 5*n - 3*w = 5000, -j*n = -n - w - 1002. What is the hundreds digit of n?
9
Let b(m) = -5*m - 2. Let g be b(-12). Let r(h) = -20*h + 3 + 3 + g*h + 83*h. What is the units digit of r(1)?
7
What is the units digit of ((-869)/561 - (-28)/(-238))*-16860?
0
Let x be (-8142)/(-21) + (24/(-14) - -2). Let m = x + 404. What is the units digit of m?
2
Suppose k = -5*k + 360. Let p = -33 + k. Let b = p + 48. What is the tens digit of b?
7
Let d = -11560 - -17380. What is the thousands digit of d?
5
Suppose -5*y + 18 = -g + 2, 2*y + 35 = 5*g. Suppose 0*b - g*b = -567. What is the units digit of b?
3
Suppose 3*o = o + 5*p + 59, 12 = -4*p. Let n = -96 - o. Let i = n - -311. What is the tens digit of i?
9
Let m(z) = z**3 + 43*z**2 - 8*z - 258. What is the ten thousands digit of m(-23)?
1
Suppose 5*l = 3*r + 33105, 4*l - 26452 = -93*r + 89*r. What is the tens digit of l?
1
What is the units digit of (-3)/4*(-170 + -10186)?
7
Let a = 376 - 822. Let r = a - -805. Suppose -5*h + 56 = -r. What is the units digit of h?
3
What is the hundreds digit of (-1 - 1)/(20/(16 - 146196))?
6
Let p(z) = 930*z + 282. What is the thousands digit of p(3)?
3
Let o be -2 + 442 + (-132)/(-22). Let i = o + 290. What is the units digit of i?
6
Suppose -18*v + 462693 = 142923. What is the tens digit of v?
6
Suppose 0 = -677*i + 328*i + 338*i + 344828. What is the tens digit of i?
4
Let o be (1/9 + 4/(-36))/(-1). Suppose o = 385*r - 390*r + 1055. What is the units digit of r?
1
Let x(c) = 289*c**2 - 45*c - 11. What is the hundreds digit of x(-2)?
2
Suppose 0 = 12*a - 17*a + 60. Let f be (a/(-5))/((-4)/(-140)). Let p = -47 - f. What is the tens digit of p?
3
Let t(r) = -20*r**3 + 22*r**2 + 157*r + 25. Let h(x) = -7*x**3 + 8*x**2 + 53*x + 8. Let y(o) = -17*h(o) + 6*t(o). What is the tens digit of y(-11)?
1
Let t = 44 - -113. Suppose -3*g + 2 = -2*a, 5*a - 2*a - 16 = -5*g. Suppose 0 = -5*j - 2*x - 0*x + 255, -3*j = a*x - t. What is the units digit of j?
9
Let y(j) = 105*j**2 - 4. Let m be y(2). Let t = m + 448. Suppose -5*h + 705 = -2*r, r - t = -4*h - 300. What is the hundreds digit of h?
1
Let c(m) = -m**2 - 2*m - 5*m + 0*m**2 - m - 5. Let o be c(-6). Suppose -43 = -o*y + 55. What is the tens digit of y?
1
Suppose 0 = 5*b + 9 + 21. Let x(h) = -10 + 10*h + 8*h**2 + 7 + 12 + h**3. What is the units digit of x(b)?
1
Let i = -73 - -84. Suppose 2*h = 2*t - 5 - i, 0 = -3*t - 2*h + 19. Suppose -8*u + t*u = -289. What is the tens digit of u?
8
Let h be 3 - (-46)/(-16) - (-63)/8. Suppose 3*i - h*i = -j - 910, 0 = -i + 3*j + 168. Let y = -72 + i. What is the units digit of y?
1
Let o(z) = 2*z**2 - 9*z - 29. Let f be (-7*(0 + 2))/(0 + 2). What is the tens digit of o(f)?
3
Suppose -2*z - y = z - 748, 0 = 5*z - 5*y - 1220. Let n = 25 + z. What is the hundreds digit of n?
2
What is the tens digit of (-1263069)/(-296) - (8 - 4)/32?
6
Let y(v) = 5*v**3 - 2*v**2 + 64*v - 709. What is the units digit of y(14)?
5
Suppose -1737*p = -1624*p - 592798. What is the hundreds digit of p?
2
Let w = -81 - -85. Suppose w*d - 537 = -5*y, -397 = -3*y + 5*d - 97. Let p = y - -49. What is the hundreds digit of p?
1
Let a = 7481 - -2660. What is the tens digit of a?
4
Suppose 5*d - 196855 = 14*h + 134928, h = -5*d + 331753. What is the tens digit of d?
5
Suppose 3 = -r, -4*i - 1285 = -4*r - 8029. Let f = -755 + i. What is the tens digit of f?
2
Suppose 22*v + 2528 = 26*v + 3*a, -4*v - 2*a + 2532 = 0. Suppose -v - 1141 = -4*u. What is the units digit of u?
4
Let r = 12349 + -1551. What is the hundreds digit of r?
7
Suppose 0*w = -b - 2*w + 20, 0 = 4*b - 4*w - 68. What is the units digit of 6/5*5910/b?
4
Suppose i = -o - i + 120, 4*i = 2*o - 224. Let n(v) = -v**2 + 5*v - 31. Let p be n(6). Let s = o + 